{"id":1900,"date":"2025-05-11T15:10:36","date_gmt":"2025-05-11T13:10:36","guid":{"rendered":"https:\/\/nordic-camper.de\/?page_id=1900"},"modified":"2025-05-11T16:45:45","modified_gmt":"2025-05-11T14:45:45","slug":"wuerzburg","status":"publish","type":"page","link":"https:\/\/nordic-camper.de\/?page_id=1900","title":{"rendered":"Mai 2025 &#8211; W\u00fcrzburg"},"content":{"rendered":"\n<hr class=\"wp-block-separator has-alpha-channel-opacity\"\/>\n\n\n\n<p><strong>Wir sind wieder da -W\u00fcrzburg im wundersch\u00f6nen Unterfranken.<\/strong><\/p>\n\n\n\n<p>Ein verl\u00e4ngertes Wochenende nutzen wir, um uns mit Freuden.<\/p>\n\n\n\n<p>Wir suchten uns einen Campingplatz wieder direkt am Main in der N\u00e4he von W\u00fcrzburg, der so einiges zu bieten hatte, vor allem Z\u00fcge auf der anderen Flussseite. Tags\u00fcber konnte man sagen, dass alle 5 Minuten einer zu bestaunen war. Meist waren es laute und rumpelige G\u00fcterz\u00fcge. Da wir aber fast nur unterwegs waren, konnte man damit leben. #IronieAn Der Platz selbst war aber vollkommen in Ordnung.<br>Zum Gl\u00fcck gab es aber auch wieder das ein oder andere Schiff. Auch haben wir wieder sehr nette Camper kennengelernt. Gr\u00fc\u00dfe an unsere Platznachbarn, deren Wasserpumpe wir notd\u00fcrftig wieder zum Leben erwecken konnten.<br><br>Das Wetter war durchwachsen, dennoch zauberte die Sonne malerische Weinberge.<\/p>\n\n\n\n<div class=\"wp-block-columns is-layout-flex wp-container-core-columns-is-layout-9d6595d7 wp-block-columns-is-layout-flex\">\n<div class=\"wp-block-column is-layout-flow wp-block-column-is-layout-flow\"><div class=\"wp-block-image\">\n<figure class=\"aligncenter size-full\"><img loading=\"lazy\" decoding=\"async\" width=\"1000\" height=\"750\" src=\"https:\/\/nordic-camper.de\/wp-content\/uploads\/2025\/05\/3e1553d1-82fb-4cdb-ac30-3bb3e9789fa6.jpg\" alt=\"\" class=\"wp-image-1907\" srcset=\"https:\/\/nordic-camper.de\/wp-content\/uploads\/2025\/05\/3e1553d1-82fb-4cdb-ac30-3bb3e9789fa6.jpg 1000w, https:\/\/nordic-camper.de\/wp-content\/uploads\/2025\/05\/3e1553d1-82fb-4cdb-ac30-3bb3e9789fa6-300x225.jpg 300w, https:\/\/nordic-camper.de\/wp-content\/uploads\/2025\/05\/3e1553d1-82fb-4cdb-ac30-3bb3e9789fa6-768x576.jpg 768w, https:\/\/nordic-camper.de\/wp-content\/uploads\/2025\/05\/3e1553d1-82fb-4cdb-ac30-3bb3e9789fa6-360x270.jpg 360w, https:\/\/nordic-camper.de\/wp-content\/uploads\/2025\/05\/3e1553d1-82fb-4cdb-ac30-3bb3e9789fa6-850x638.jpg 850w\" sizes=\"auto, (max-width: 1000px) 100vw, 1000px\" \/><\/figure>\n<\/div><\/div>\n\n\n\n<div class=\"wp-block-column is-layout-flow wp-block-column-is-layout-flow\"><div class=\"wp-block-image\">\n<figure class=\"aligncenter size-full\"><img loading=\"lazy\" decoding=\"async\" width=\"1000\" height=\"750\" src=\"https:\/\/nordic-camper.de\/wp-content\/uploads\/2025\/05\/IMG_5673.jpg\" alt=\"\" class=\"wp-image-1908\" srcset=\"https:\/\/nordic-camper.de\/wp-content\/uploads\/2025\/05\/IMG_5673.jpg 1000w, https:\/\/nordic-camper.de\/wp-content\/uploads\/2025\/05\/IMG_5673-300x225.jpg 300w, https:\/\/nordic-camper.de\/wp-content\/uploads\/2025\/05\/IMG_5673-768x576.jpg 768w, https:\/\/nordic-camper.de\/wp-content\/uploads\/2025\/05\/IMG_5673-360x270.jpg 360w, https:\/\/nordic-camper.de\/wp-content\/uploads\/2025\/05\/IMG_5673-850x638.jpg 850w\" sizes=\"auto, (max-width: 1000px) 100vw, 1000px\" \/><\/figure>\n<\/div><\/div>\n<\/div>\n\n\n\n<p>W\u00fcrzburg selbst zeigte sich wieder bei strahlenden Sonnenschein. Wir machten eine Stadtrundfahrt, danach ging es zu Fu\u00df weiter durch die Stadt. Das Start und Ziel der Rundfahrt ist an der W\u00fcrzburger Residenz, welche dem Schlo\u00df Versailles nachempfunden ist. Die Bauarbeiten begannen 1720 und dauerten 60 Jahre bis zur Fertigstellung 1780. Im Jahr 1945 wurde die Residenz im Zuge des 2. Weltkrieges schwer besch\u00e4digt. Bereits ein halbes j\u00e4hr nach der Zerst\u00f6rung wurden erste Sicherungsma\u00dfnahmen ergriffen. Der grundhafte Wiederaufbau dauert bin in das 1987. Bereits im Jahr 1981 wurde die Residenz samt Hofgarten und Residenzplatz in die UNESCO Welterbeliste aufgenommen. Zurecht!<\/p>\n\n\n\n<div class=\"wp-block-columns is-layout-flex wp-container-core-columns-is-layout-9d6595d7 wp-block-columns-is-layout-flex\">\n<div class=\"wp-block-column is-layout-flow wp-block-column-is-layout-flow\" style=\"flex-basis:25%\"><div class=\"wp-block-image\">\n<figure class=\"aligncenter size-full\"><img loading=\"lazy\" decoding=\"async\" width=\"750\" height=\"1000\" src=\"https:\/\/nordic-camper.de\/wp-content\/uploads\/2025\/05\/IMG_9633.jpg\" alt=\"\" class=\"wp-image-1909\" srcset=\"https:\/\/nordic-camper.de\/wp-content\/uploads\/2025\/05\/IMG_9633.jpg 750w, https:\/\/nordic-camper.de\/wp-content\/uploads\/2025\/05\/IMG_9633-225x300.jpg 225w, https:\/\/nordic-camper.de\/wp-content\/uploads\/2025\/05\/IMG_9633-203x270.jpg 203w\" sizes=\"auto, (max-width: 750px) 100vw, 750px\" \/><\/figure>\n<\/div><\/div>\n\n\n\n<div class=\"wp-block-column is-layout-flow wp-block-column-is-layout-flow\" style=\"flex-basis:50%\"><div class=\"wp-block-image\">\n<figure class=\"aligncenter size-full is-resized\"><img loading=\"lazy\" decoding=\"async\" width=\"1000\" height=\"750\" src=\"https:\/\/nordic-camper.de\/wp-content\/uploads\/2025\/05\/IMG_9627.jpg\" alt=\"\" class=\"wp-image-1910\" style=\"width:365px;height:auto\" srcset=\"https:\/\/nordic-camper.de\/wp-content\/uploads\/2025\/05\/IMG_9627.jpg 1000w, https:\/\/nordic-camper.de\/wp-content\/uploads\/2025\/05\/IMG_9627-300x225.jpg 300w, https:\/\/nordic-camper.de\/wp-content\/uploads\/2025\/05\/IMG_9627-768x576.jpg 768w, https:\/\/nordic-camper.de\/wp-content\/uploads\/2025\/05\/IMG_9627-360x270.jpg 360w, https:\/\/nordic-camper.de\/wp-content\/uploads\/2025\/05\/IMG_9627-850x638.jpg 850w\" sizes=\"auto, (max-width: 1000px) 100vw, 1000px\" \/><\/figure>\n<\/div><\/div>\n\n\n\n<div class=\"wp-block-column is-layout-flow wp-block-column-is-layout-flow\" style=\"flex-basis:25%\"><div class=\"wp-block-image\">\n<figure class=\"aligncenter size-full\"><img loading=\"lazy\" decoding=\"async\" width=\"750\" height=\"1000\" src=\"https:\/\/nordic-camper.de\/wp-content\/uploads\/2025\/05\/IMG_9636.jpg\" alt=\"\" class=\"wp-image-1912\" srcset=\"https:\/\/nordic-camper.de\/wp-content\/uploads\/2025\/05\/IMG_9636.jpg 750w, https:\/\/nordic-camper.de\/wp-content\/uploads\/2025\/05\/IMG_9636-225x300.jpg 225w, https:\/\/nordic-camper.de\/wp-content\/uploads\/2025\/05\/IMG_9636-203x270.jpg 203w\" sizes=\"auto, (max-width: 750px) 100vw, 750px\" \/><\/figure>\n<\/div><\/div>\n<\/div>\n\n\n\n<p>Die Sonne meinte es der Art gut mit uns, dass selbst selbst die tierischen Stadtbewohner einen Abk\u00fchlung im Brunnen ben\u00f6tigten.<\/p>\n\n\n<div class=\"wp-block-image\">\n<figure class=\"aligncenter size-full\"><img loading=\"lazy\" decoding=\"async\" width=\"750\" height=\"1000\" src=\"https:\/\/nordic-camper.de\/wp-content\/uploads\/2025\/05\/IMG_9654.jpg\" alt=\"\" class=\"wp-image-1911\" srcset=\"https:\/\/nordic-camper.de\/wp-content\/uploads\/2025\/05\/IMG_9654.jpg 750w, https:\/\/nordic-camper.de\/wp-content\/uploads\/2025\/05\/IMG_9654-225x300.jpg 225w, https:\/\/nordic-camper.de\/wp-content\/uploads\/2025\/05\/IMG_9654-203x270.jpg 203w\" sizes=\"auto, (max-width: 750px) 100vw, 750px\" \/><\/figure>\n<\/div>\n\n\n<p>Abseits dem Trubel finden sich auch die ein oder anderen idyllischen Pl\u00e4tzchen der Stadt. Am Ende k\u00f6nnen wir sagen -W\u00fcrzburg ist immer eine Reise wert!<\/p>\n\n\n<div class=\"wp-block-image\">\n<figure class=\"aligncenter size-full\"><img loading=\"lazy\" decoding=\"async\" width=\"1000\" height=\"750\" src=\"https:\/\/nordic-camper.de\/wp-content\/uploads\/2025\/05\/IMG_5663.jpg\" alt=\"\" class=\"wp-image-1917\" srcset=\"https:\/\/nordic-camper.de\/wp-content\/uploads\/2025\/05\/IMG_5663.jpg 1000w, https:\/\/nordic-camper.de\/wp-content\/uploads\/2025\/05\/IMG_5663-300x225.jpg 300w, https:\/\/nordic-camper.de\/wp-content\/uploads\/2025\/05\/IMG_5663-768x576.jpg 768w, https:\/\/nordic-camper.de\/wp-content\/uploads\/2025\/05\/IMG_5663-360x270.jpg 360w, https:\/\/nordic-camper.de\/wp-content\/uploads\/2025\/05\/IMG_5663-850x638.jpg 850w\" sizes=\"auto, (max-width: 1000px) 100vw, 1000px\" \/><\/figure>\n<\/div>\n\n\n<p>Himmelfahrt steht dann schon das n\u00e4chste lange Wochenende an. Weida wir kommen &#8230;<\/p>\n","protected":false},"excerpt":{"rendered":"<p>Wir sind wieder da -W\u00fcrzburg im wundersch\u00f6nen Unterfranken. Ein verl\u00e4ngertes Wochenende nutzen wir, um uns mit Freuden. Wir suchten uns einen Campingplatz wieder direkt am Main in der N\u00e4he von W\u00fcrzburg, der so einiges zu bieten hatte, vor allem Z\u00fcge auf der anderen Flussseite. Tags\u00fcber konnte man sagen, dass alle 5 Minuten einer zu&#8230;<\/p>\n<p class=\"read-more\"><a class=\"btn btn-default\" href=\"https:\/\/nordic-camper.de\/?page_id=1900\"> Mehr lesen<span class=\"screen-reader-text\">  Mehr lesen<\/span><\/a><\/p>\n","protected":false},"author":3,"featured_media":0,"parent":0,"menu_order":0,"comment_status":"closed","ping_status":"closed","template":"","meta":{"footnotes":""},"class_list":["post-1900","page","type-page","status-publish","hentry"],"_links":{"self":[{"href":"https:\/\/nordic-camper.de\/index.php?rest_route=\/wp\/v2\/pages\/1900","targetHints":{"allow":["GET"]}}],"collection":[{"href":"https:\/\/nordic-camper.de\/index.php?rest_route=\/wp\/v2\/pages"}],"about":[{"href":"https:\/\/nordic-camper.de\/index.php?rest_route=\/wp\/v2\/types\/page"}],"author":[{"embeddable":true,"href":"https:\/\/nordic-camper.de\/index.php?rest_route=\/wp\/v2\/users\/3"}],"replies":[{"embeddable":true,"href":"https:\/\/nordic-camper.de\/index.php?rest_route=%2Fwp%2Fv2%2Fcomments&post=1900"}],"version-history":[{"count":9,"href":"https:\/\/nordic-camper.de\/index.php?rest_route=\/wp\/v2\/pages\/1900\/revisions"}],"predecessor-version":[{"id":1929,"href":"https:\/\/nordic-camper.de\/index.php?rest_route=\/wp\/v2\/pages\/1900\/revisions\/1929"}],"wp:attachment":[{"href":"https:\/\/nordic-camper.de\/index.php?rest_route=%2Fwp%2Fv2%2Fmedia&parent=1900"}],"curies":[{"name":"wp","href":"https:\/\/api.w.org\/{rel}","templated":true}]}}